
What is -198 (base 15) in base 3?
-111122
-235 (base 16) to base 12
-3b1
-19b (base 13) to base 5
-2142
-1526 (base 8) to base 7
-2330
-443 (base 9) to base 3
-111110
What is -1211120 (base 3) in base 10?
-1338
What is 51310 (base 6) in base 7?
25566
Convert 103133202 (base 4) to base 8.
233742
Convert 23360 (base 7) to base 2.
1011110000100
Convert 20311332 (base 4) to base 7.
210414
Convert -10132 (base 4) to base 14.
-166
224 (base 8) to base 14
a8
What is -3d2 (base 14) in base 6?
-3324
1010000011000000 (base 2) to base 11
28a11
Convert -3313220 (base 4) to base 2.
-11110111101000
What is -124d3 (base 15) in base 14?
-17449
Convert -11779 (base 12) to base 6.
-301033
What is 11346 (base 7) in base 15?
d00
Convert -12621 (base 7) to base 3.
-11122210
-110 (base 3) to base 7
-15
Convert 6e1 (base 15) to base 13.
931
What is -1361 (base 8) in base 15?
-353
Convert -291 (base 10) to base 16.
-123
What is -77 (base 8) in base 13?
-4b
3110 (base 4) to base 12
158
20012201 (base 3) to base 9
6181
What is 6e1 (base 16) in base 5?
24021
What is -30012 (base 4) in base 2?
-1100000110
-244 (base 9) to base 12
-14a
Convert 1da (base 15) to base 5.
3210
What is -211202 (base 3) in base 14?
-31c
-1712 (base 15) to base 8
-11547
-21110313 (base 4) to base 14
-dcc7
Convert 3030 (base 5) to base 4.
12012
10777 (base 9) to base 10
7198
-144324 (base 5) to base 7
-24055
Convert 14442 (base 6) to base 5.
33310
Convert cb8d (base 14) to base 7.
204436
Convert 3404 (base 8) to base 10.
1796
Convert 40a (base 11) to base 14.
274
What is 4419 (base 11) in base 10?
5828
Convert 38653 (base 11) to base 9.
83835
292 (base 14) to base 8
1010
Convert 311211 (base 4) to base 13.
173a
Convert 21201 (base 3) to base 9.
251
What is -10011101011 (base 2) in base 12?
-88b
Convert -590 (base 11) to base 7.
-2024
-1342 (base 6) to base 5
-2400
2062 (base 8) to base 3
1110210
48a (base 15) to base 2
10000000110
What is -556a0 (base 11) in base 3?
-11002200202
Convert 3735 (base 15) to base 13.
546b
Convert 2021012 (base 5) to base 16.
7f78
What is 19477 (base 10) in base 5?
1110402
Convert -2027 (base 14) to base 9.
-7516
What is 550 (base 16) in base 12?
954
-100011110011011 (base 2) to base 15
-5671
422 (base 6) to base 5
1113
1000102212 (base 3) to base 10
20003
What is 12b7 (base 16) in base 2?
1001010110111
Convert 1010001100001110 (base 2) to base 8.
121416
20b62 (base 12) to base 6
531402
Convert 1140001 (base 6) to base 15.
129e7
Convert -1010120122 (base 3) to base 2.
-101011100010100
-36d (base 14) to base 11
-573
Convert -c8 (base 13) to base 12.
-118
540 (base 13) to base 16
381
-1452 (base 11) to base 12
-1100
Convert 202 (base 11) to base 9.
301
Convert 5ac (base 14) to base 10.
1132
-33213 (base 5) to base 2
-100100000100
What is -100011011 (base 2) in base 11?
-238
10202 (base 5) to base 16
2a5
Convert -44 (base 11) to base 9.
-53
-1347 (base 9) to base 6
-4411
Convert 39d4 (base 15) to base 10.
12349
What is -5008 (base 11) in base 16?
-1a07
Convert 144003 (base 5) to base 15.
1c38
Convert 484 (base 14) to base 4.
32010
121120122 (base 3) to base 13
5669
What is 704 (base 13) in base 14?
60b
What is 4868 (base 12) in base 16?
1fd0
Convert -41 (base 6) to base 9.
-27
Convert -236 (base 7) to base 16.
-7d
What is 250 (base 15) in base 12?
379
333203 (base 4) to base 16
fe3
What is -26130 (base 8) in base 5?
-330402
1310 (base 11) to base 9
2304
What is -14040 (base 6) in base 7?
-6240
What is -1100100 (base 3) in base 14?
-501
Convert 7230 (base 10) to base 5.
212410
What is 11000000 (base 2) in base 9?
233
What is -544 (base 15) in base 10?
-1189
What is -110110132 (base 4) in base 12?
-401ba
What is 658 (base 11) in base 8?
1425
Convert 6673 (base 10) to base 14.
2609
30555 (base 7) to base 9
11240
-4 (base 16) to base 4
-10
Convert 16 (base 14) to base 15.
15
Convert 32334 (base 5) to base 9.
3035
What is 7611 (base 11) in base 16?
2747
What is 148 (base 13) in base 2?
11100101
3d99 (base 16) to base 6
201001
What is 120210112 (base 3) in base 16?
2cfc
-5403 (base 11) to base 6
-53022
What is -27671 (base 9) in base 15?
-586a
What is 334 (base 5) in base 2?
1011110
301605 (base 7) to base 13
1a31c
2010100000 (base 3) to base 12
20230
What is -211524 (base 6) in base 5?
-1023020
Convert 15501 (base 8) to base 7.
26225
-12510 (base 7) to base 15
-ec9
-1221201 (base 3) to base 13
-856
27472 (base 8) to base 6
131550
-11321 (base 5) to base 4
-31010
What is 3867 (base 9) in base 7?
11305
What is 416 (base 10) in base 2?
110100000
25891 (base 12) to base 9
77421
Convert -451 (base 9) to base 12.
-26a
-a6e (base 15) to base 5
-33404
What is 1120210 (base 3) in base 11?
960
151 (base 6) to base 15
47
What is 110043 (base 5) in base 10?
3773
-3798 (base 10) to base 14
-1554
Convert -10997 (base 10) to base 16.
-2af5
Convert -2ca2 (base 16) to base 13.
-527c
What is -1061 (base 15) in base 5?
-102331
What is 48410 (base 9) in base 13?
119a0
-110000 (base 2) to base 10
-48
Convert 2685 (base 11) to base 8.
6631
What is -1425 (base 7) in base 9?
-680
What is 119a (base 11) in base 3?
2010211
Convert -31330 (base 6) to base 11.
-31a6
Convert 1c50 (base 16) to base 7.
30063
What is -2531 (base 8) in base 5?
-20434
What is 237a (base 13) in base 16?
138a
Convert -2515 (base 15) to base 7.
-32006
-558 (base 11) to base 9
-822
What is 100001000 (base 2) in base 13?
174
What is 21302 (base 4) in base 13?
392
What is -2 (base 15) in base 12?
-2
What is -481 (base 10) in base 8?
-741
-2111330 (base 4) to base 10
-9596
Convert 1100100010 (base 2) to base 10.
802
Convert 3210 (base 5) to base 12.
2ba
Convert 216 (base 10) to base 4.
3120
What is 113143 (base 5) in base 12?
24b9
What is -180 (base 14) in base 2?
-100110100
20513 (base 9) to base 2
11010011100011
Convert -4d45 (base 16) to base 6.
-231325
Convert 364 (base 15) to base 11.
63a
Convert -382 (base 15) to base 14.
-40d
10b08 (base 13) to base 10
30428
-142153 (base 6) to base 3
-200110120
What is 37cc (base 15) in base 4?
2321310
Convert -1d50 (base 16) to base 13.
-3553
What is 6192 (base 12) in base 4?
2211332
What is -232 (base 12) in base 13?
-1c1
Convert -100100100 (base 3) to base 16.
-1a9d
Convert -555 (base 6) to base 7.
-425
What is -249 (base 10) in base 9?
-306
Convert -121211220 (base 3) to base 11.
-9256
What is -25012 (base 6) in base 15?
-1155
Convert -32110 (base 4) to base 2.
-1110010100
What is -c72 (base 16) in base 8?
-6162
Convert 381 (base 15) to base 5.
11141
What is 1100043 (base 5) in base 7?
105506
-6734 (base 8) to base 7
-13226
41fb (base 16) to base 8
40773
-11244 (base 5) to base 4
-30320
What is -14967 (base 11) in base 16?
-5287
-2421 (base 5) to base 11
-2a9
3753 (base 10) to base 14
1521
Convert -202 (base 11) to base 7.
-466
5003 (base 9) to base 8
7100
-130113 (base 6) to base 8
-26675
What is -2534 (base 6) in base 15?
-2c4
-77b (base 13) to base 16
-505
What is -11114 (base 8) in base 12?
-2864
-a7 (base 16) to base 11
-142
What is -32960 (base 11) in base 6?
-1005004
What is -2132 (base 10) in base 7?
-6134
What is -c56 (base 14) in base 13?
-114a
-3359 (base 15) to base 16
-2a84
What is 63 (base 7) in base 14?
33
What is -657 (base 12) in base 13?
-568
1757 (base 9) to base 11
1016
What is 100200 (base 3) in base 16?
105
9a5 (base 13) to base 14
864
Convert -4638 (base 13) to base 15.
-2db9
What is 12545 (base 8) in base 5?
133402
What is 5174 (base 9) in base 16?
ed1
What is -122 (base 14) in base 4?
-3202
Convert 2132023 (base 4) to base 15.
2eed
-bc3 (base 13) to base 11
-1575
-2423 (base 5) to base 10
-363
125 (base 11) to base 14
a8
-141 (base 6) to base 13
-49
2112 (base 4) to base 5
1100
What is -6165 (base 7) in base 3?
-2221210
What is a3e (base 15) in base 3?
10011112
What is 177 (base 15) in base 3?
110111
-4cc (base 14) to base 7
-2545
What is 235b3 (base 14) in base 10?
86201
33574 (base 8) to base 5
423304
-77e (base 16) to base 6
-12514
-8774 (base 9) to base 11
-4949
What is -2091 (base 10) in base 3?
-2212110
40727 (base 10) to base 3
2001212102
Convert 100101110100011 (base 2) to base 3.
222120011
27434 (base 9) to base 14
6ab2
-274 (base 16) to base 5
-10003
Convert 4241 (base 5) to base 13.
34c
Convert -2b3 (base 14) to base 11.
-45a
What is -40687 (base